{"id":10,"date":"2014-03-12T22:35:54","date_gmt":"2014-03-12T20:35:54","guid":{"rendered":"http:\/\/imroglass.ro\/?page_id=10"},"modified":"2019-01-08T14:45:03","modified_gmt":"2019-01-08T12:45:03","slug":"despre-noi","status":"publish","type":"page","link":"https:\/\/imroglass.ro\/?page_id=10","title":{"rendered":"Despre noi"},"content":{"rendered":"<p>IMROGLASS S.R.L. este o societate comercial\u0103 specializat\u0103 \u00een distribu\u0163ia de geamuri speciale, ma\u015fini, materiale \u015fi accesorii pentru industria sticlei,\u00a0\u00eencep\u00e2nd de la materiale de baz\u0103 \u015fi p\u00e2n\u0103 la cele mai avansate echipamente.<\/p>\n","protected":false},"excerpt":{"rendered":"<p>IMROGLASS S.R.L. este o societate comercial\u0103 specializat\u0103 \u00een distribu\u0163ia de geamuri speciale, ma\u015fini, materiale \u015fi accesorii pentru industria sticlei,\u00a0\u00eencep\u00e2nd de la materiale de baz\u0103 \u015fi p\u00e2n\u0103 la cele mai avansate echipamente.<\/p>\n","protected":false},"author":1,"featured_media":0,"parent":0,"menu_order":0,"comment_status":"open","ping_status":"open","template":"","meta":{"_genesis_hide_title":false,"_genesis_hide_breadcrumbs":false,"_genesis_hide_singular_image":false,"_genesis_hide_footer_widgets":false,"_genesis_custom_body_class":"","_genesis_custom_post_class":"","_genesis_layout":"","footnotes":""},"_links":{"self":[{"href":"https:\/\/imroglass.ro\/index.php?rest_route=\/wp\/v2\/pages\/10"}],"collection":[{"href":"https:\/\/imroglass.ro\/index.php?rest_route=\/wp\/v2\/pages"}],"about":[{"href":"https:\/\/imroglass.ro\/index.php?rest_route=\/wp\/v2\/types\/page"}],"author":[{"embeddable":true,"href":"https:\/\/imroglass.ro\/index.php?rest_route=\/wp\/v2\/users\/1"}],"replies":[{"embeddable":true,"href":"https:\/\/imroglass.ro\/index.php?rest_route=%2Fwp%2Fv2%2Fcomments&post=10"}],"version-history":[{"count":11,"href":"https:\/\/imroglass.ro\/index.php?rest_route=\/wp\/v2\/pages\/10\/revisions"}],"predecessor-version":[{"id":177,"href":"https:\/\/imroglass.ro\/index.php?rest_route=\/wp\/v2\/pages\/10\/revisions\/177"}],"wp:attachment":[{"href":"https:\/\/imroglass.ro\/index.php?rest_route=%2Fwp%2Fv2%2Fmedia&parent=10"}],"curies":[{"name":"wp","href":"https:\/\/api.w.org\/{rel}","templated":true}]}}